pose 0*v + 2*v - 42 = h. Calculate the highest common factor of v and 14.
7
Let z = -6 - -12. Let f be ((-10)/z - 0)*-15. Calculate the greatest common divisor of 10 and f.
5
Suppose 5*d - 20 = s, -d - 4*s + 10 = -3*d. Suppose -d = 5*u - 0. Let w be 1 + (2 - u*2). What is the highest common factor of w and 25?
5
Suppose 45 = -4*k + 237. Calculate the greatest common divisor of 16 and k.
16
Let b be 19/6 + (-2)/12. Suppose -b*k + 7*k - 104 = 0. Suppose -3*y = -m - 131 + 18, -2*y - m = -82. Calculate the highest common divisor of y and k.
13
Let t be 35/(-14)*8/(-10) + 43. Calculate the highest common factor of t and 360.
45
Let j(n) = -n**3 + 24*n**2 - 19*n - 50. Let s be j(23). Calculate the highest common divisor of 147 and s.
21
Let x = -22 + 22. Suppose -4*d + 108 = -4*q, q = -x*d - 2*d + 57. What is the highest common divisor of d and 84?
28
Suppose 63 = -3*b + 10*b. Let x(h) be the first derivative of 3*h**2 - 2*h - 1. Let d be x(b). Calculate the greatest common divisor of d and 13.
13
Suppose d - 3*c = -23 + 83, -2*d + 4*c + 112 = 0. Suppose 4*g - 144 = -5*f, -5*f - 32 = -2*g - 200. What is the greatest common factor of d and f?
16
Let a(z) = z**2 - 21*z + 36. Let l be a(24). What is the highest common divisor of l and 12?
12
Let t be (-4)/(-10)*(32 + 3). Suppose 0*o = -2*o + t. Let j = -7 - -14. What is the greatest common divisor of j and o?
7
Let i = -100 + 244. Let t be 13 + (1*-6)/(-2). What is the highest common factor of i and t?
16
Suppose 0*v + v - 2 = 0. Let c be (-1)/((-2)/(16/1)). What is the highest common divisor of v and c?
2
Suppose 0 = j - 6 + 3. Suppose b = -j*h + 16, 0 = -3*b - 2*h - 0*h + 13. Calculate the greatest common divisor of 9 and b.
1
Suppose 0 = 2*q + 4*x - 2, 4*q - 3*q + 3 = -3*x. Let a = q - 6. What is the highest common divisor of 3 and a?
3
Suppose -3*s + 17 = -37. Let i be ((-63)/14)/(0 + 3/(-6)). What is the greatest common divisor of s and i?
9
Suppose 0 = r - 0*r - 4. Let j be 2*(-2)/r*67. Let m = j - -127. What is the highest common divisor of 12 and m?
12
Let q = 8 - 5. Suppose q*u - 25 = -2*s, 4*s - 44 - 46 = 2*u. What is the highest common divisor of 8 and s?
4
Let g = -2 + 12. Let h be 4/(-6)*(-15)/g. What is the greatest common divisor of h and 6?
1
Let n be (3/(-9) + 1)*12. Suppose -2 + n = s. Let h(g) = -14*g - 2. Let l be h(-4). What is the greatest common factor of l and s?
6
Suppose -3*o + 230 = 2*o. Let n = o + -27. What is the highest common factor of n and 19?
19
Suppose -5*s + 16 = -2*l, 0*s + 2*s = l + 7. Let h = s - -10. What is the greatest common factor of 12 and h?
12
Suppose -2*z = -3*t + 181, 3*t + 2*z - 193 = z. Suppose 4*h = -21 + 57. Calculate the highest common factor of h and t.
9
Suppose 2*v + 5*w - 98 + 18 = 0, -v = -2*w - 31. Suppose -2*z = 3*z - v. What is the greatest common divisor of z and 21?
7
Suppose 5*q + 4*m = 49, -5*q + 60 = -q - 2*m. Calculate the greatest common factor of 169 and q.
13
Let g = -50 + 78. Calculate the greatest common divisor of 7 and g.
7
Let h be 152/5 + 2/(-5). Suppose h = 5*w + 5*k, w + 3*k - 7 = k. Let s be ((-6)/w)/(2/(-20)). Calculate the highest common divisor of s and 24.
12
Let v(r) = r**2 - 8*r. Let q = -24 - -34. Let x be v(q). Suppose -x = -2*s - 0. What is the highest common divisor of s and 40?
10
Let d(s) = -s**3 + 6*s**2 + 5. Let b be d(6). What is the greatest common divisor of b and 20?
5
Let w(v) be the third derivative of -3*v**4/4 - 3*v**2. Let q be w(1). Let h be q/(-12) + (-6)/(-4). Calculate the highest common factor of h and 12.
3
Let k(u) = u**2 - 4*u - 3. Let m be k(5). Let v be 4/m - 0/3. Let l be ((-5)/(-4))/(v/16). What is the highest common factor of 80 and l?
10
Suppose -79 = -5*b - 24. What is the greatest common divisor of 77 and b?
11
Suppose 2*m - 10 = -4. Let a be 1/m*(24 - 0). What is the highest common factor of 32 and a?
8
Suppose 76 = p + 10. Suppose 5*w = -156 + p. Let l be (14/3)/((-6)/w). What is the highest common factor of l and 70?
14
Suppose 0*y = -5*y + 100. Suppose -c - 3*c = 5*b - 88, -4*c = b - 8. Calculate the highest common divisor of y and b.
20
Let l be (-3)/(-7) + 1167/21. What is the greatest common factor of l and 7?
7
Suppose 4*t - 2*t - 16 = 0. What is the greatest common divisor of 4 and t?
4
Let u be 2/(-8) + 2 + 987/12. What is the greatest common factor of 12 and u?
12
Let n be (-2)/7 + 228/14. Suppose 5*y + 17 = -0*m - 4*m, -2 = 2*y. Let z be ((-12)/4)/m*2. Calculate the highest common factor of n and z.
2
Let l(j) = -j**3 + 9*j**2 - 7*j + 16. Let p be l(8). Calculate the highest common divisor of 36 and p.
12
Let u be (-2)/(-5) - (423/(-5) + 1). Calculate the highest common factor of 12 and u.
12
Let y(o) = -o - 3. Let q be (-9)/2 + 5/10. Let m be y(q). Let u = m - -8. Calculate the highest common divisor of u and 9.
9
Suppose 4 = i, -p + 3*i - 4*i = -55. What is the highest common factor of 34 and p?
17
Suppose -3*o + 12 = -a, o + o = a + 9. Suppose -5*l - 3*g + 26 = 0, -3*g = -4*g + 2. Suppose -3*y - l = -13. What is the highest common factor of o and y?
3
Suppose 9*f = 4*f + 120. What is the greatest common divisor of f and 264?
24
Suppose 75 - 19 = 4*d. Suppose 2*t - 27 = 29. What is the greatest common factor of t and d?
14
Let g = 342 + -150. Calculate the greatest common divisor of 24 and g.
24
Let k = -12 + 17. Suppose -k*l + 167 = -2*l - 2*g, 3*g = 5*l - 278. Calculate the highest common factor of l and 22.
11
Let x(u) be the third derivative of u**6/60 - u**5/20 + u**4/6 - u**3 - 2*u**2. Let r be x(4). What is the greatest common divisor of r and 10?
10
Let u be 325/10 + 1/2. Let h = 84 - u. Calculate the greatest common factor of h and 34.
17
Let v be -21*(-4)/8 - (-2)/(-4). Calculate the highest common divisor of 110 and v.
10
Let o(i) = i**2 - 17*i + 3. Let r be o(18). Calculate the highest common divisor of 3 and r.
3
Suppose 188 + 21 = 5*z + 4*c, 3*z - 139 = c. Let p(k) = -k - 7. Let w be p(-6). Let x be (-4)/(-4) + w + 5. Calculate the highest common divisor of x and z.
5
Let j be (-20)/(-2) + 2 - -3. Let s be (-6)/9*45/(-2). Calculate the highest common factor of j and s.
15
Suppose 3*h = -2*m + 26, 2*m - 47 = -3*m - 3*h. Let n(t) = t**2 - 6*t - 2. Let q be n(m). What is the greatest common factor of 20 and q?
5
Let h = 5 - -1. What is the greatest common divisor of 30 and h?
6
Let a = -10 + 14. Let b be ((-20)/(-25))/(a/450). Calculate the highest common factor of 10 and b.
10
Suppose 0 = -2*s - 2*j, 0 = -2*s + 3*s + 5*j - 12. Let k be 1*(-1 + (16 - s)). Calculate the greatest common factor of 45 and k.
9
Let a(z) = 2*z + z + z**3 - 2*z**2 + z**2. Let x be a(4). What is the highest common factor of x and 12?
12
Let i be ((-28)/3)/((-7)/3 - -2). What is the highest common factor of i and 140?
28
Suppose 0 = v - 1 + 11. Let s be (-6)/(-15) - 196/v. Calculate the highest common divisor of 50 and s.
10
Suppose 4*x + a = -0*a + 60, -a = -5*x + 75. Suppose -3*y = -36 - x. Calculate the highest common divisor of 187 and y.
17
Let v = 100 - 40. Let w be (8 + -10)/(0 + (-3)/60). Calculate the highest common divisor of v and w.
20
Suppose 3*s - 4*k = 14, -5*k - 11 - 16 = s. Let n be s + 2*8 + 2. Suppose n - 52 = -2*a. What is the greatest common divisor of a and 12?
6
Let r be 1*2 - (-5 - 1). Suppose 0 = -g + 2*g + 8. Let s = g - -28. What is the highest common factor of s and r?
4
Suppose 4*p - 92 = -0*p. Let x = p - 18. Let i(s) = -s**3 - 3*s**2 + s - 5. Let a be i(-5). What is the highest common divisor of x and a?
5
Suppose -4*o = 5*q - 212, 2*q - 56 = -2*o + 28. Calculate the highest common divisor of 110 and q.
22
Let t(l) = -l + 2*l + l - 4. Let s be t(5). Let f = -20 + 32. What is the highest common factor of s and f?
6
Let r be -4*(-3)/6 - 0. Let j(c) = -c**3 - 5*c**2 + 4*c - 7. Let l be j(-6). Suppose -r*q + 35 = -l. What is the highest common divisor of q and 80?
20
Let m be (-2)/(-10) - 60/(-75). Let t be (9/9)/(m/15). Let s(r) = -r**3 - 2*r**2 - 2*r. Let k be s(-3). Calculate the highest common factor of t and k.
15
Let v = -9 + 10. Let k be 2/((-12)/(-11) - v). Let s(w) = w**2 - 5. Let o be s(-4). Calculate the greatest common divisor of o and k.
11
Suppose -3 = -3*y, -4*l - 555 = -y + 426. Let a be l/(-9) + 14/(-63). What is the highest common divis